{"id":6603,"date":"2019-11-29T06:23:13","date_gmt":"2019-11-29T14:23:13","guid":{"rendered":"https:\/\/playintheus.com\/about-us\/"},"modified":"2023-01-11T10:58:04","modified_gmt":"2023-01-11T17:58:04","slug":"about-us","status":"publish","type":"page","link":"https:\/\/playintheus.com\/bra\/about-us\/","title":{"rendered":"Quem somos"},"content":{"rendered":"<p>Nuestra pasi\u00f3n es el deporte, estamos convencidos de que es la manera de tener un futuro mejor. Somos una empresa norteamericana con larga trayectoria y trabajamos todos los d\u00edas para que m\u00e1s deportistas logren su sue\u00f1o. Lo hacemos pensando en cada una de las personas que participan en el programa, priorizando el acompa\u00f1amiento constante y el cuidado necesario para que ellos y sus familias se sientan seguros.<\/p>\n<p>Desde Play in the US hacemos que los j\u00f3venes tengan las oportunidades que se merecen y alcancen sus metas haciendo lo que m\u00e1s les gusta. Queremos que puedan hacerlo en un entorno propicio para crecer y lleno de ventajas como las que brinda el sistema educativo de Estados Unidos, con la seguridad de un equipo de profesionales que los acompa\u00f1an a lo largo de todo el proceso.<\/p>\n<p>Por eso, creamos PlayintheUS. Conocenos:<\/p>\n","protected":false},"excerpt":{"rendered":"<p>Nuestra pasi\u00f3n es el deporte, estamos convencidos de que es la manera de tener un futuro mejor. Somos una empresa norteamericana con larga trayectoria y trabajamos todos los d\u00edas para que m\u00e1s deportistas logren su sue\u00f1o. Lo hacemos pensando en cada una de las personas que participan en el programa, priorizando el acompa\u00f1amiento constante y [&hellip;]<\/p>\n","protected":false},"author":1,"featured_media":0,"parent":0,"menu_order":0,"comment_status":"closed","ping_status":"closed","template":"","meta":{"_monsterinsights_skip_tracking":false,"_monsterinsights_sitenote_active":false,"_monsterinsights_sitenote_note":"","_monsterinsights_sitenote_category":0,"footnotes":""},"class_list":["post-6603","page","type-page","status-publish","hentry"],"_links":{"self":[{"href":"https:\/\/playintheus.com\/bra\/wp-json\/wp\/v2\/pages\/6603","targetHints":{"allow":["GET"]}}],"collection":[{"href":"https:\/\/playintheus.com\/bra\/wp-json\/wp\/v2\/pages"}],"about":[{"href":"https:\/\/playintheus.com\/bra\/wp-json\/wp\/v2\/types\/page"}],"author":[{"embeddable":true,"href":"https:\/\/playintheus.com\/bra\/wp-json\/wp\/v2\/users\/1"}],"replies":[{"embeddable":true,"href":"https:\/\/playintheus.com\/bra\/wp-json\/wp\/v2\/comments?post=6603"}],"version-history":[{"count":13,"href":"https:\/\/playintheus.com\/bra\/wp-json\/wp\/v2\/pages\/6603\/revisions"}],"predecessor-version":[{"id":7308,"href":"https:\/\/playintheus.com\/bra\/wp-json\/wp\/v2\/pages\/6603\/revisions\/7308"}],"wp:attachment":[{"href":"https:\/\/playintheus.com\/bra\/wp-json\/wp\/v2\/media?parent=6603"}],"curies":[{"name":"wp","href":"https:\/\/api.w.org\/{rel}","templated":true}]}}